rs of (12/48)/((-5)/(-80380))?
4019
Suppose 4*h - 2*r + 43200 = 9*h, 0 = -h - 2*r + 8640. List the prime factors of h.
2, 3, 5
Let d = 228 - 118. Let u = d - 164. Let x = u - -74. What are the prime factors of x?
2, 5
Suppose s = 2, 2*g = -2*g - 2*s + 12. Suppose 2*u = x - 2*x + 3, -g*x = -2. List the prime factors of 2/(((-5)/12)/(-5)) + u.
5
Let t = -3282 - -5027. List the prime factors of t.
5, 349
Let g = 3752 - 2576. Suppose 3*j + v = -0*v + 1771, 0 = -2*j + 4*v + g. Suppose -5*p - 4*i - 110 + 675 = 0, j = 5*p - i. What are the prime factors of p?
3, 13
Let p = -338 + 2318. Suppose p = 5*t - 5*g, 17 - 1 = -4*g. List the prime factors of t.
2, 7
Suppose -33 = -2*s - 21. Suppose s*b - 2460 = 1032. What are the prime factors of b?
2, 3, 97
List the prime factors of (((-10)/2)/(-15) + 132/18)*1347.
23, 449
Let r be -18 + 1 - -6 - 1. Let d(g) = -12*g**2 + 16 - g**3 + 0*g + 2*g - g. What are the prime factors of d(r)?
2
Let m = 1697 - -11. Suppose -24*x - m = -28*x. List the prime factors of x.
7, 61
Suppose -2*q = 2*q + 6*q. Suppose -5*y + 3*s + 30 = q, -4*y + 0*s + 46 = 2*s. What are the prime factors of -78*(y/(-15) + 2/(-5))?
2, 3, 13
Suppose 18 = 3*m - 4*z, -2*m = 5*z - 3*z + 2. Let x(p) = 66*p**2 - p + 2. Let t be x(m). What are the prime factors of (t/(-15))/(10/(-25))?
2, 11
Let g be (-1)/1*-519*(-3)/(-9). Let r = 327 - g. Let f = r + -5. What are the prime factors of f?
149
Let u = 309 - 305. Suppose -182 + 1999 = 5*o + u*b, 0 = -2*o - 2*b + 726. List the prime factors of o.
5, 73
Suppose -2*x + 101777 = 3*r - 22500, -2*r - 2*x = -82852. What are the prime factors of r?
5, 1657
Let j(k) = 7*k**2 - 4*k - 17. Let l(m) = 13*m**2 - 7*m - 34. Let y(h) = -11*j(h) + 6*l(h). Let a be y(-7). List the prime factors of (-3)/((-18)/4) - (-852)/a.
2, 3
Let w(x) = 83*x**2 - 93*x - 396. What are the prime factors of w(-16)?
2, 5, 1117
Suppose -3*u + 573 = 2*r - 6*u, -3*r = 5*u - 869. Let n = -11 + r. What are the prime factors of n?
277
Let h(m) = 604*m - 631*m + 4 - 21 + m**3 + 10*m**2. Let x(n) = n**2 + 6*n - 7. Let y be x(-5). List the prime factors of h(y).
19
Suppose 4*n - 3*n - 429 = 0. Suppose -5*z + 1119 = 3*x, 2*z + 2*x - n = 7*x. List the prime factors of z.
2, 3, 37
What are the prime factors of (-2)/(-6) + (-4650476)/(-300) + (-182)/(-2275)?
2, 23, 337
Let f(z) = -356*z - 1049. What are the prime factors of f(-25)?
3, 2617
Let g be 630/4*(2 + (-760)/(-12)). Suppose -9*y + g = -8*y. What are the prime factors of (4/(-6))/((-28)/y)?
5, 7
Suppose 2*o = -x + 49, 15 - 56 = -o + 5*x. Suppose 5976 = o*t - 19504. What are the prime factors of t?
2, 5, 7
Suppose 5*n = 2*z - 23612, -72*z = -75*z - 3*n + 35355. What are the prime factors of z?
13, 907
Let r(a) = 48*a**3 + 2*a**2 - 3*a + 1. Let p(m) = m**3 - m**2 + 1. Let w(x) = -2*p(x) - r(x). List the prime factors of w(-2).
17, 23
Suppose 198740 = -591*k + 601*k. List the prime factors of k.
2, 19, 523
Suppose 12*c - 5*c = 17*c - 70580. What are the prime factors of c?
2, 3529
Suppose -4*h - 48424 = -4*v, 271*v + 48420 = 275*v - 3*h. What are the prime factors of v?
2, 3, 2017
Let b be -1 + 8/7 - (-37368)/378. Let m = -52 + b. What are the prime factors of m?
47
Suppose 4*l - 3*o = 61559, 5*o - 21047 - 55963 = -5*l. What are the prime factors of l?
5, 3079
Suppose -4*c - 4*y + 108 = 76, -y = -c. Suppose 13*b = 11*b, -936 = -2*n + c*b. What are the prime factors of n?
2, 3, 13
Let w(o) = -4*o**3 + 7*o**2 + 8*o + 3*o**3 + 3 + 2 - 1. Let f be w(8). Suppose f*r = 16, 3*j + 0*r = r + 2. List the prime factors of j.
2
Let d(j) = j. Let o(y) = -24*y + 4. Let s(i) = -3*d(i) + o(i). Let f be s(-1). Suppose -30*m - 127 = -f*m. List the prime factors of m.
127
Let f(a) = -a**2 + 12*a - 8. Let p be f(11). Suppose -p*h = 3*h + 2760. What are the prime factors of (6/8 - h/(-16))*-4?
2, 7
Suppose -3*w + 4675 = 5*t, -2*t = 5*w - 3*t - 7773. Suppose 13*k - w - 5712 = 0. What are the prime factors of k?
13, 43
Let u = 36 - -3995. What are the prime factors of u?
29, 139
Let x(d) = -d**3 + 6*d**2 - 30*d - 4. Let j be x(-7). Suppose -j = -4*n - 25*q + 24*q, 4*n = 4*q + 848. What are the prime factors of n?
211
Suppose 68*h + 3072 = 692. Suppose 20 = 4*z, -3*k + 4*z + 360 = k. Let l = h + k. What are the prime factors of l?
2, 3, 5
Suppose 52112 = 16*d + 2896. Suppose -26*r - 606 = -d. What are the prime factors of r?
5, 19
Let h = 851 + -601. What are the prime factors of h?
2, 5
Suppose 3*r = -5*r + 1144. Let m = 496 - r. What are the prime factors of m?
353
Let r be ((-5)/10)/((-1)/122). Suppose 44 = -7*x - 173. Let j = r + x. What are the prime factors of j?
2, 3, 5
Let b = 1077 - 334. Let u = 1429 - b. Suppose 14*k = u + 336. List the prime factors of k.
73
Let h(p) = 7*p + 20. Let m(d) = -d + 1. Let u(s) = -h(s) + m(s). Let w(q) = q + 1. Let l(c) = -u(c) - 4*w(c). List the prime factors of l(7).
43
Let r(x) = 149*x**3 + 2*x**2 - 2*x - 1. Let v be r(2). Let p = v + -627. List the prime factors of p.
2, 71
Suppose 22*f - 192 = 21*f. Suppose 3*n - 192 = 4*t, -4*n + f + 64 = 2*t. Let u = 73 + n. What are the prime factors of u?
137
Let v = 620 + -618. Suppose -1107 = v*h - 4555. List the prime factors of h.
2, 431
Let p(z) = z**3 + 6*z**2 - 9*z - 10. Suppose 6*d - 14 = -2. Suppose 9*g + 56 = d. List the prime factors of p(g).
2, 11
Let g(h) = -h**2 - 7*h - 5. Let d be g(-7). Let u(l) = -l - 8. Let t be u(d). List the prime factors of t/2 + 234/4.
3, 19
Suppose 3*v - 2*v = 19. Suppose -r - v = -5*r - 3*o, 4*r + 4*o - 20 = 0. Suppose 4*d - r*b + 72 = 7*d, 0 = -2*d - 3*b + 49. List the prime factors of d.
2, 5
What are the prime factors of (-49863 - (-48)/(-24))*-1?
5, 9973
Let c(r) = 18*r**2 + 3*r - 23. Suppose 22*o = -0*o + 154. What are the prime factors of c(o)?
2, 5, 11
Let g(x) = -3*x**2 - 8*x - 3. Let t be g(-3). Let r(q) = 2*q - 15. Let k be r(8). List the prime factors of 139 + t - k*2.
131
Suppose -u + 4*m + 25 = 0, 3*u - 15 = -2*u - 2*m. Suppose u*d - 579 = 991. Suppose 0 = 10*c - d + 74. List the prime factors of c.
2, 3
Let h = -1061 - -698. Let c = h - -836. Suppose -5*w + c + 457 = 0. List the prime factors of w.
2, 3, 31
Suppose 0 = 2*b + 2*u - 100388, 1083*b - 200776 = 1079*b - 2*u. What are the prime factors of b?
2, 25097
Let t(o) = 77*o**2 + 5*o. Suppose -53*v + 63*v + 30 = 0. What are the prime factors of t(v)?
2, 3, 113
Let r(u) = -u**2 + u. Let f(a) = -4*a**2 + 2*a + 9. Let j(z) = f(z) - 5*r(z). Let g be j(6). Suppose -m + g = -26. What are the prime factors of m?
53
Let a = 112 - 239. Let r = 148 + a. Suppose -6*n + 303 = -r. What are the prime factors of n?
2, 3
Let v(f) be the second derivative of -f**5/20 + 3*f**4/2 + 7*f**3/6 + 20*f**2 + 65*f. List the prime factors of v(9).
2, 13
Let q = 30351 + -13734. What are the prime factors of q?
3, 29, 191
Suppose -160*a = 1016897 - 6734337. What are the prime factors of a?
2, 17, 1051
Let w = 224 - -944. Let l = w - -266. List the prime factors of l.
2, 3, 239
Suppose -75*d + 77*d = 4*i - 292, 0 = 3*i + 2*d - 226. Suppose 69*a = i*a - 160. List the prime factors of a.
2
Suppose -w - 35 = -v, 4*w + v = 54 - 209. What are the prime factors of 1*((-2094)/(-4) - (-19)/w)?
523
List the prime factors of 34/51*6216*15/5.
2, 3, 7, 37
Let f(s) = 10*s**2 + 19*s - 50. What are the prime factors of f(-8)?
2, 3, 73
Let i(b) = 3*b**2 + 55*b - 239. Let n(w) = -2*w**2 - 28*w + 120. Let p(y) = -3*i(y) - 5*n(y). List the prime factors of p(25).
3, 13
Let m be 6/((-2)/2 - (-2 - 1)). Let z be 1/m - -8*3/9. Suppose -5*g + 919 = 3*f, -2 = z*f - 11. What are the prime factors of g?
2, 7, 13
Suppose -151*k = -156*k - 4*g + 15290, -3*k - g + 9174 = 0. List the prime factors of k.
2, 11, 139
Let g be (-32)/(-6)*-3*-4 - -3. Suppose -g*b = -63*b - 2740. What are the prime factors of b?
5, 137
Let c be 2 + (4 + -5)/(0 - 1). Suppose -3*a - 12 = -3*k, -c*k + 2*a - 1 = -16. Suppose -k*u + 16 = -5*u. What are the prime factors of u?
2
Let m(d) = d + 21. Let s be m(-12). Suppose -s = -4*n - 25. What are the prime factors of (178 - 0) + n/2?
2, 11
Let h(c) = -2*c**3 - 3*c - 2. Let w be h(-5). Let g be 4 + 0 + -1 + -151. Let d = w + g. List the prime factors of d.
5, 23
Let i = 1978 + 24370. What are the prime factors of i?
2, 7, 941
Suppose -27*z = -6415 - 428852. What are the p